 - 2. Let b(h) = h + 5. Let k be b(-8). Is p(k) a multiple of 3?
False
Let y = -10 + 14. Let o(c) = 10*c + 4. Is 22 a factor of o(y)?
True
Suppose -5*j - o + 275 = -6*o, -3*j + 165 = -2*o. Is 14 a factor of j?
False
Let n(l) = 3*l**2 - 2*l - 1. Let s be n(4). Let k = 59 - s. Does 19 divide k?
False
Let i(b) = 27*b + 24. Is i(9) a multiple of 32?
False
Let r be 7/(-21) - (-1)/3. Suppose 4*l - 3*l - 44 = r. Is 14 a factor of l?
False
Let s(z) be the third derivative of -1/60*z**5 + 0 + z**2 + 0*z - 1/2*z**3 - 1/4*z**4. Is s(-4) even?
False
Let g = -151 + 259. Does 9 divide g?
True
Let s = -69 - -43. Let j = 28 + s. Is j even?
True
Let p(f) = -f**3 - 4*f**2 - 3*f - 7. Does 4 divide p(-4)?
False
Let z be 98/6 - 2/6. Let x be 5*2*2/(-4). Let y = z - x. Is y a multiple of 18?
False
Suppose 3*l - l - 121 = a, -4*l - a = -251. Is l a multiple of 15?
False
Let y = -4 + 3. Let f(b) = -3*b - 1. Let s be f(y). Let m = 13 - s. Is m a multiple of 11?
True
Let y = 3 + 22. Suppose 0*f = -5*f + y. Suppose f*v - 29 + 4 = 0. Is 2 a factor of v?
False
Suppose j + 3*j = -24. Is 2 a factor of (-9)/j*12/9?
True
Let w(q) = -4*q - 3. Does 7 divide w(-8)?
False
Suppose -7*c + 15*c - 48 = 0. Does 4 divide c?
False
Let g(v) be the first derivative of v**2 + v + 2. Let u be 4 + (-2 + -2)/4. Is 3 a factor of g(u)?
False
Suppose -25*p = -12*p - 3900. Is p a multiple of 12?
True
Let m = -77 - -137. Is 15 a factor of m?
True
Let j = 6 + -2. Suppose j*z - 11 = 2*p + 3, 3*z - 18 = -p. Is 5 a factor of z?
True
Let r(l) = -5*l - 8. Let s be (-27)/(-4) + (-1)/(-4). Let p be r(s). Let g = -15 - p. Is 14 a factor of g?
True
Suppose -3*t = -4*a - 295, 3*t - 7*a + 2*a = 293. Let p = -168 - -101. Let c = p + t. Is c a multiple of 9?
False
Suppose 0 = 3*w - 4*a - 11 - 8, -7 = -2*w - 3*a. Suppose -f + 88 = -w*x, 4*x - x + 80 = f. Does 30 divide f?
False
Let o = 54 + -20. Suppose 0 = -0*q + 2*q - o. Does 8 divide q?
False
Let n be 8/(-20) + (-714)/15. Let g = n - -82. Does 7 divide g?
False
Suppose 3*d = -4*a + 26, -4*a + 2*a = d - 12. Suppose -d*r + 59 = 3. Does 14 divide r?
True
Suppose 5*t + 2*s + 2*s = 22, 5*t - 25 = -5*s. Let j = -4 + 36. Suppose -3*g + 66 = t*m + m, -4*g - j = -2*m. Is m a multiple of 10?
True
Let m(l) be the second derivative of -l**4/8 - 4*l**3/3 + l**2 - 2*l. Let u(c) be the first derivative of m(c). Is 10 a factor of u(-7)?
False
Suppose -6*g + 28 = -44. Does 6 divide g?
True
Let b(a) be the third derivative of a**4/24 - a**2. Let q be b(2). Does 8 divide (q - (4 - 0)) + 18?
True
Suppose -n + 2*t + 5 = 0, -n - 10 = 3*t - 0*t. Let c = -21 + n. Let q = c - -36. Does 7 divide q?
True
Let z(b) = -b + 12. Let i be z(8). Suppose a - h = i*a - 9, 0 = -a + h + 3. Does 3 divide a?
True
Let y(l) = 19*l**2 - 6*l + 5. Is y(3) a multiple of 34?
False
Let c be -1 + (-1)/(3/(-15)). Suppose c*b = 2*b. Suppose 4*i + s = 4*s + 145, i + s - 45 = b. Is 20 a factor of i?
True
Suppose -s + 104 = -5*j + 23, -3*s + 167 = 4*j. Does 29 divide s?
False
Let p(i) be the first derivative of 4*i**3/3 + 3*i**2/2 - 4*i - 7. Does 6 divide p(-3)?
False
Let a(k) = 6*k + 2. Let f be a(4). Suppose 0 = -c + f - 5. Is 16 a factor of c?
False
Suppose 4*l = -u + 40, u - 38 = -0*u - 2*l. Is 18 a factor of u?
True
Let h(x) = -4 - 1 - 3 + 4 + 2*x**2 + x. Does 9 divide h(3)?
False
Let a(t) = -119*t - 84. Let r(m) = 10*m + 7. Let d(q) = -4*a(q) - 49*r(q). Is d(-5) a multiple of 21?
True
Suppose -13*s + 74 = -12*s. Is s a multiple of 3?
False
Suppose 46 + 14 = -5*p. Is 0 - 3*16/p even?
True
Let a be (-4)/(-22) - 180/22. Does 27 divide (-124)/a*(0 + 6)?
False
Let t be 2/(8/(-12))*-1. Suppose 0*m + 2*m = -w + 39, t*m - 3*w = 72. Does 11 divide m?
False
Suppose 86*r = 89*r - 411. Is 34 a factor of r?
False
Suppose 10 = -2*m + 2*y, -12 = -3*m + 6*m - 2*y. Let k(b) = -3*b**3 - b + 1 - 1. Is 13 a factor of k(m)?
True
Is 15 a factor of (-6)/(-10 + -2) + (-105)/(-2)?
False
Suppose 0 = -4*z + 3*j + 294, -4*z = 2*j - 4*j - 296. Is z a multiple of 24?
False
Let z(u) be the second derivative of -u**4/12 + 20*u**2 - 3*u. Does 26 divide z(0)?
False
Let p(d) = -d**3 - 6*d**2 + 11*d + 6. Let s be p(-8). Suppose -11 = v + 3*w - s, -5*v + 165 = 5*w. Is v a multiple of 16?
True
Let o = -9 + 4. Let b(f) = f**2 + f - 6. Is 6 a factor of b(o)?
False
Suppose 0 = -q - 2*x + 66, 0 = 4*q - 4*x - 164 - 64. Is 20 a factor of q?
True
Let h be 127/1 + 5/5. Does 14 divide ((-2)/(-4))/(2/h)?
False
Let w(a) = -161*a + 4. Is 47 a factor of w(-1)?
False
Suppose -2*o + 10 + 10 = 0. Suppose 5*q + o = -20. Let l(w) = w**2 + 3*w + 7. Is 10 a factor of l(q)?
False
Suppose -3*b - b = -4*f + 4, 0 = -4*f - 4*b + 36. Suppose -4*t + 0*t = -f*r - 147, 3*r = 3. Is t a multiple of 15?
False
Let q = -7 - -10. Suppose -3*x - q + 9 = 0. Does 2 divide x?
True
Suppose z + 680 = 3*z. Suppose -5*l - 200 = -0*p - 3*p, -5*l = -5*p + z. Is 35 a factor of p?
True
Suppose -7*a = 76 - 384. Is a a multiple of 11?
True
Suppose -5*t = -1144 - 271. Is 7 a factor of t?
False
Let i be 7 + 7 + 0/(-1). Let c = 5 - 3. Suppose 18 = c*l - i. Is 8 a factor of l?
True
Let v = 0 - 0. Suppose -2*s + 30 = -4. Suppose v*y - s = -y. Is 12 a factor of y?
False
Suppose -3*h - 4*u - 26 = -h, -5*u - 10 = 0. Is (-124)/h + (-2)/(-9) a multiple of 3?
False
Let u(p) = p + 8. Let a be u(-5). Suppose -a*q + 34 = -4*k, k = 2*q + 2*k - 41. Does 8 divide q?
False
Let q(p) = 2*p**2 - 4. Suppose 6*k + 4 = -20. Is 20 a factor of q(k)?
False
Let v = -10 - -14. Is v*(-37)/(-2) + -2 a multiple of 24?
True
Suppose -3*o = -0*o - 3. Suppose 5*n = 16 - o. Suppose -n*k - 8 + 32 = 0. Is k a multiple of 7?
False
Let p(v) = 10*v - 5. Does 9 divide p(3)?
False
Let p(g) = -g. Let r be p(4). Let t = r - -15. Is t a multiple of 4?
False
Let a be (654/9)/((-4)/(-6)). Suppose 5*p + a = 4*t, -5*t + 0*p - p + 100 = 0. Suppose t = 4*b - 23. Is b a multiple of 11?
True
Let p(q) be the third derivative of -q**5/60 + 5*q**4/24 + 5*q**3/6 - 5*q**2. Is 3 a factor of p(4)?
True
Let k = 7 - 8. Let l = 1 - k. Suppose -14 = l*f - 74. Is f a multiple of 10?
True
Let c = 138 + -115. Does 4 divide c?
False
Suppose -r + 6*r - 210 = 0. Suppose 0 = -3*o + 84 + r. Is 14 a factor of o?
True
Let z(r) = -2*r + 33. Does 38 divide z(-11)?
False
Let g be (-2)/4*8/(-2). Suppose -2*u = g*j - 21 - 19, -5*j = 3*u - 56. Does 11 divide u?
True
Suppose 49 = 2*p - 93. Does 20 divide p?
False
Let y = 171 + -88. Is 5 a factor of y?
False
Let z be (-1*2*-5)/1. Let w = z + 20. Is w/4*(-4)/(-3) a multiple of 10?
True
Suppose -5*y + 13 = -b, 2*b - 3*y = -2 - 3. Suppose 2*g - 6 = 18. Suppose -b*f - g = -a + 14, 3*f = -15. Is 8 a factor of a?
True
Suppose 0*y - 16 = -4*y. Suppose 0 = -3*a + 3*z + 36, 0*z = y*a + 3*z - 69. Let d = -4 + a. Does 11 divide d?
True
Suppose t = 6 - 3. Suppose a + 6 = t*a. Suppose -3*o + a*r + 0 = -15, 2*o = -5*r + 45. Is 5 a factor of o?
True
Let n(y) = -12*y - 59. Is 29 a factor of n(-23)?
False
Let g(b) = b**3 + 11*b**2 - 15*b - 12. Let l(w) = -w**3 - 12*w**2 + w. Let m be l(-12). Is g(m) a multiple of 22?
False
Suppose 7*m - 4*m - 3 = 0. Let v = m - -34. Is v a multiple of 10?
False
Suppose 41*l - 96 = 39*l. Does 16 divide l?
True
Let d(h) = 4*h + 56. Does 14 divide d(7)?
True
Let c be (-151)/1*-1 - -2. Suppose -3*x = 2*n - 136, 4*x - 4*n + n - c = 0. Does 14 divide x?
True
Let t be ((-96)/10)/((-1)/5). Let i = t + -23. Is 6 a factor of i?
False
Suppose -2*x + 13 - 3 = 0. Suppose x*c = 5 + 5. Is (-5)/(1*c/(-4)) a multiple of 10?
True
Suppose -2*m - m - 2*o + 166 = 0, -o - 99 = -2*m. Does 13 divide m?
True
Let o(u) = -u**2. Let t(f) = -f**2 + 6*f + 4. Let j(z) = 2*o(z) - t(z). Is 5 a factor of j(-3)?
True
Let g be ((-5)/2 + 3)*0. Suppose -17 = -h + 5*f, -11 = 2*h - f - g. Let n(a) = -a**2 - 9*a + 4. Does 4 divide n(h)?
True
Let a(p) = -p**2 + 8*p + 4. Suppose -35 = -4*s + 3*m + 2*m, -2*s + 7 = m. Is 19 a factor of a(s)?
True
Suppose 8 = -3*u + 5*b - 17, -4*u = -5*b + 25. Suppose 0*w - 3*w + 12 = u. Is w a multiple of 4?
True
Let w(t) = 29*t. Let z be (-11)/9 - (-12)/54. Let p be w(z). Let h = p - -47. Does 18 divide h?
True
Suppose -6*j + 3*j = z - 15, 0 = -3*z + 3*j + 105. Is z a multiple of 5?
True
Let z(s) = s**2 + 8*s - 8. Does 17 divide z(7)?
False
Suppose -2*b - 12 = b, 4*i - 2*b = 712. Is i a multiple of 28?
False
Let